ite?
False
Is 15295088973 composite?
True
Is 12385151101 a composite number?
False
Is 5523827737 prime?
True
Is 5393735059 prime?
True
Is 938747353 prime?
False
Is 84812083 prime?
False
Is 131078401627 a composite number?
False
Is 3922485319 a composite number?
True
Is 3345933179 a prime number?
False
Is 8361386801 a composite number?
False
Is 356611031 prime?
False
Is 8641790518 composite?
True
Is 3120174181 a composite number?
True
Is 26961515473 a prime number?
True
Is 80893682 composite?
True
Is 283200679667 prime?
False
Is 2298571318 prime?
False
Is 3792832817 a prime number?
True
Is 5695752541 prime?
True
Is 8319197 prime?
False
Is 93959763311 prime?
True
Is 86277624071 a prime number?
True
Is 37851333929 a prime number?
True
Is 6315368777 composite?
True
Is 11142387929 a composite number?
False
Is 2305508353 a composite number?
True
Is 554954359 a prime number?
True
Is 5324966245 prime?
False
Is 20146293031 prime?
True
Is 19654157297 prime?
False
Is 824019991 a prime number?
False
Is 26539595767 prime?
True
Is 65869747799 a composite number?
True
Is 1469793903 composite?
True
Is 22781110423 a composite number?
True
Is 13577641293 a prime number?
False
Is 1554702063 a composite number?
True
Is 2842084909 composite?
False
Is 235313479 a prime number?
False
Is 2128204657 prime?
True
Is 19348809514 composite?
True
Is 11560900073 a prime number?
True
Is 970308301 a composite number?
False
Is 67177619 a prime number?
True
Is 1446973793 composite?
False
Is 3757222607 composite?
False
Is 3620379695 prime?
False
Is 937628953 prime?
True
Is 15813455687 a prime number?
True
Is 23204248511 prime?
False
Is 523630801 a prime number?
True
Is 85939625959 a composite number?
True
Is 15307775773 prime?
False
Is 246783337 composite?
False
Is 1152942221 a composite number?
False
Is 920127253 a prime number?
True
Is 13001491651 prime?
True
Is 19436528627 a prime number?
True
Is 1648905413 a composite number?
True
Is 29623722041 a prime number?
True
Is 3932612899 composite?
True
Is 1735844743 a prime number?
True
Is 1799214793 a prime number?
True
Is 16691143397 prime?
True
Is 2912959411 a prime number?
True
Is 21133081297 prime?
False
Is 316647428191 a composite number?
False
Is 36550681699 composite?
True
Is 36876236207 prime?
True
Is 208228686866 prime?
False
Is 724200173 a composite number?
False
Is 620892715 composite?
True
Is 104392163 a prime number?
True
Is 426968237 composite?
False
Is 2100210113 a composite number?
True
Is 79448729 a prime number?
True
Is 5472606665 a composite number?
True
Is 9484834451 a prime number?
True
Is 1036740317 prime?
True
Is 123230407 a prime number?
True
Is 1226990761 a composite number?
True
Is 1895236373 a prime number?
True
Is 18661991639 composite?
False
Is 100304750594 a composite number?
True
Is 15381324671 composite?
True
Is 4424510821 composite?
False
Is 2029537 a prime number?
False
Is 5933706797 a composite number?
False
Is 6303299617 a prime number?
True
Is 4110506677 prime?
True
Is 94510181 a prime number?
False
Is 32834995943 composite?
False
Is 460463533 prime?
True
Is 68119550407 prime?
False
Is 41319426319 prime?
False
Is 85493057 prime?
False
Is 45506195006 a prime number?
False
Is 8834638537 prime?
False
Is 26492899787 composite?
True
Is 39530497757 a composite number?
True
Is 259799009 a composite number?
False
Is 1710086569 prime?
False
Is 36554663 prime?
False
Is 6744260807 a composite number?
False
Is 902772179 composite?
True
Is 854074997 composite?
True
Is 34705403 a prime number?
True
Is 6817411921 a prime number?
True
Is 654572861 composite?
False
Is 3375657763 a composite number?
False
Is 5864914511 prime?
False
Is 184332764507 prime?
False
Is 27477907931 a composite number?
True
Is 6385437317 composite?
True
Is 5092873 composite?
True
Is 8201624163 a composite number?
True
Is 9241096681 a prime number?
True
Is 171206922111 composite?
True
Is 62643388429 composite?
True
Is 27452407201 a composite number?
True
Is 2148056749 a composite number?
True
Is 29666114941 a composite number?
False
Is 16067653711 composite?
True
Is 28514549153 a prime number?
True
Is 2653961701 a prime number?
True
Is 2032569131 composite?
True
Is 4794869921 a prime number?
False
Is 43009571273 a composite number?
False
Is 250129259 a prime number?
True
Is 3060411223 a prime number?
False
Is 93001120969 a prime number?
True
Is 7137991591 prime?
False
Is 3534432097 prime?
False
Is 2937792721 prime?
False
Is 115448703 prime?
False
Is 16376718791 composite?
True
Is 56697892081 a prime number?
True
Is 962535989 prime?
True
Is 3117872503 composite?
True
Is 15503875199 prime?
True
Is 1158127679 a prime number?
False
Is 14242650407 a composite number?
True
Is 3969224411 a composite number?
True
Is 1352597891 composite?
False
Is 745524731 prime?
False
Is 332436577 a composite number?
True
Is 217416487 a composite number?
True
Is 538311377 a composite number?
False
Is 196714677865 a prime number?
False
Is 1925358229 composite?
False
Is 1209815729 composite?
True
Is 12729639743 a prime number?
False
Is 66025754 composite?
True
Is 357726518 prime?
False
Is 19754344501 a prime number?
False
Is 89282621 a composite number?
False
Is 12377894707 prime?
False
Is 10916913481 composite?
False
Is 465518927 a composite number?
False
Is 420025745 a prime number?
False
Is 5108907559 a prime number?
False
Is 14683767347 a prime number?
False
Is 269256683 a prime number?
False
Is 3469133015 composite?
True
Is 7853747063 a composite number?
True
Is 24271809773 a prime number?
False
Is 4045868963 a composite number?
False
Is 957665669 composite?
False
Is 128765194 prime?
False
Is 247308913 a composite number?
False
Is 70579549 a prime number?
False
Is 227439907 a composite number?
True
Is 984687631 prime?
True
Is 70604003 a composite number?
True
Is 395757421 a composite number?
False
Is 74721821 a prime number?
True
Is 85343333209 a prime number?
True
Is 98018201 a composite number?
True
Is 2365839733 composite?
True
Is 2179252681 a composite number?
False
Is 78539785343 a prime number?
True
Is 2258268029 composite?
False
Is 5162293999 a prime number?
True
Is 28496669 a composite number?
True
Is 40912300883 a composite number?
False
Is 564802921 prime?
False
Is 24158862599 composite?
True
Is 1853788661 prime?
False
Is 1188067087 composite?
False
Is 32869193059 a prime number?
True
Is 4142275339 prime?
False
Is 869121131 composite?
False
Is 7095497699 a composite number?
False
Is 1033615183 a prime number?
False
Is 4636335793 a composite number?
True
Is 114493201 a prime number?
True
Is 670175633 a prime number?
False
Is 240623401 prime?
False
Is 47712383 a prime number?
True
Is 44354791829 a prime number?
False
Is 2727907061 prime?
False
Is 5154747385 a prime number?
False
Is 1863806467 a composite number?
False
Is 1600868197 a prime number?
True
Is 329066437 prime?
False
Is 21688907671 a composite number?
False
Is 510746323 composite?
False
Is 962316097 a prime number?
False
Is 130732247249 a composite number?
False
Is 27934927841 composite?
True
Is 67170517 composite?
False
Is 874585489 composite?
True
Is 280002649 composite?
True
Is 16378473913 prime?
False
Is 218026339 prime?
True
Is 2518233059 a composite number?
False
Is 48412211 prime?
False
Is 2533331963 a prime number?
True
Is 31784612593 a composite number?
True
Is 84266985617 a prime number?
True
Is 12605006987 a composite number?
False
Is 251582521 a prime number?
False
Is 3265612891 a composite number?
True
Is 2576345639 a prime number?
False
Is 14922839383 composite?
False
Is 2739461983 composite?
False
Is 814637963 prime?
True
Is 368939111623 composite?
True
Is 6562087801 a composite number?
False
Is 83804820215 a composite number?
True
Is 80337950489 a prime number?
False
Is 1872556471 a composite number?
True
Is 129196713791 composite?
False
Is 1639462651 prime?
False
Is 699443999 a composite number?
True
Is 260838439 a composite number?
False
Is 1207059961 prime?
True
Is 88529760929 a composite number?
False
Is 14832834361 a prime number?
True
Is 100609006 a prime number?
False
Is 14214277801 composite?
True
Is 6933417823 prime?
True
Is 55162514905 composite?
True
Is 6589644121 prime?
True
Is 15541200611 composite?
True
Is 22511245979 a prime number?
False
Is 105482581 pr